 prime factors of 47606273.
11, 13, 17, 19583
List the prime factors of 6498471145.
5, 1299694229
What are the prime factors of 3359682630?
2, 3, 5, 17, 731957
What are the prime factors of 87485896?
2, 10935737
List the prime factors of 123715359.
3, 13746151
List the prime factors of 253654780.
2, 5, 79, 160541
What are the prime factors of 19454235?
3, 5, 1296949
List the prime factors of 25015487.
7, 29, 123229
List the prime factors of 27972835.
5, 11, 67, 7591
What are the prime factors of 91028423?
91028423
What are the prime factors of 3656709?
3, 7, 58043
List the prime factors of 16683098.
2, 2039, 4091
List the prime factors of 15252260.
2, 5, 29, 26297
What are the prime factors of 42194451?
3, 13, 283, 3823
What are the prime factors of 660781077?
3, 11, 967, 20707
What are the prime factors of 178001671?
19, 2593, 3613
What are the prime factors of 394328681?
394328681
List the prime factors of 6225532844.
2, 1556383211
What are the prime factors of 1212997646?
2, 7, 12377527
What are the prime factors of 288579853?
41, 7038533
What are the prime factors of 337492858?
2, 19, 8881391
What are the prime factors of 3124620?
2, 3, 5, 17359
List the prime factors of 2377754037.
3, 83, 3183071
What are the prime factors of 91517681?
17, 5383393
List the prime factors of 114242991.
3, 19, 179, 11197
What are the prime factors of 35444632?
2, 271, 16349
What are the prime factors of 388328838?
2, 3, 37, 1749229
List the prime factors of 81211013.
13, 6247001
What are the prime factors of 146189227?
146189227
List the prime factors of 344151127.
73, 1423, 3313
What are the prime factors of 47367403?
269, 176087
What are the prime factors of 637192?
2, 23, 3463
List the prime factors of 2187881937.
3, 61, 3985213
What are the prime factors of 102653893?
102653893
What are the prime factors of 2094156017?
47, 44556511
What are the prime factors of 272209406?
2, 7, 17, 109, 1499
What are the prime factors of 2003784829?
17123, 117023
What are the prime factors of 442971041?
19207, 23063
What are the prime factors of 100830978?
2, 3, 17, 433, 761
What are the prime factors of 37623358?
2, 18811679
List the prime factors of 102724616.
2, 863, 14879
What are the prime factors of 1349263616?
2, 17, 389, 797
What are the prime factors of 55294498?
2, 7, 571, 6917
List the prime factors of 54743980.
2, 5, 113, 24223
List the prime factors of 381517998.
2, 3, 6869, 9257
List the prime factors of 110902381.
113, 981437
List the prime factors of 69742537.
631, 110527
What are the prime factors of 1038449514?
2, 3, 173074919
List the prime factors of 2849848767.
3, 316649863
List the prime factors of 228489071.
197, 1159843
What are the prime factors of 20022022?
2, 17, 41, 53, 271
What are the prime factors of 2108811456?
2, 3, 31, 39367
List the prime factors of 333318941.
599, 556459
What are the prime factors of 599488534?
2, 299744267
What are the prime factors of 5744437114?
2, 13, 8933, 24733
List the prime factors of 649312591.
197, 3296003
List the prime factors of 1411557939.
3, 11, 14258161
List the prime factors of 66705173.
47, 30197
List the prime factors of 17254178.
2, 107, 80627
List the prime factors of 78945387.
3, 26315129
What are the prime factors of 29093136?
2, 3, 59, 10273
List the prime factors of 32796854.
2, 29, 565463
What are the prime factors of 6890667?
3, 7, 328127
List the prime factors of 1665606668.
2, 11, 2003, 18899
What are the prime factors of 18663248?
2, 1166453
What are the prime factors of 77938191?
3, 23, 71, 5303
What are the prime factors of 2133526323?
3, 101, 7041341
List the prime factors of 23610720.
2, 3, 5, 7, 7027
List the prime factors of 54406479.
3, 67, 270679
What are the prime factors of 2741107351?
47, 89, 613, 1069
List the prime factors of 1768649018.
2, 59, 14988551
What are the prime factors of 346247130?
2, 3, 5, 409, 28219
What are the prime factors of 2820756194?
2, 5521, 255457
List the prime factors of 4097505227.
4097505227
What are the prime factors of 602665680?
2, 3, 5, 2511107
List the prime factors of 200340409.
61, 3284269
What are the prime factors of 132068487?
3, 19, 79, 139, 211
List the prime factors of 27786407.
11, 2526037
What are the prime factors of 6793607?
37, 183611
What are the prime factors of 1976100354?
2, 3, 83, 353, 1249
What are the prime factors of 246295334?
2, 4139, 29753
List the prime factors of 229184175.
3, 5, 11, 19, 14621
What are the prime factors of 1350271730?
2, 5, 135027173
What are the prime factors of 29205056?
2, 456329
List the prime factors of 31652691.
3, 7, 17, 88663
What are the prime factors of 1649251828?
2, 7, 58901851
What are the prime factors of 1434133231?
47, 30513473
What are the prime factors of 94400077?
94400077
List the prime factors of 387921977.
10061, 38557
What are the prime factors of 487811293?
37, 13184089
What are the prime factors of 2781518022?
2, 3, 131, 393203
What are the prime factors of 1167033878?
2, 103, 5665213
What are the prime factors of 313363149?
3, 11, 9495853
List the prime factors of 714052286.
2, 357026143
What are the prime factors of 59900692?
2, 19, 788167
What are the prime factors of 246581614?
2, 563, 218989
List the prime factors of 946395859.
19841, 47699
List the prime factors of 252815006.
2, 37, 1637, 2087
List the prime factors of 49072364.
2, 11, 19, 58699
List the prime factors of 71763148.
2, 463, 38749
What are the prime factors of 141033297?
3, 47011099
What are the prime factors of 478834034?
2, 7, 34202431
List the prime factors of 10475010.
2, 3, 5, 7, 13, 1279
List the prime factors of 411606624.
2, 3, 11, 13, 29983
What are the prime factors of 2544881116?
2, 71, 2437, 3677
List the prime factors of 2568849.
3, 29, 29527
What are the prime factors of 100536272?
2, 29, 389, 557
List the prime factors of 741051853.
113, 6557981
List the prime factors of 1417543096.
2, 17, 881, 11831
What are the prime factors of 199096964?
2, 11, 4524931
List the prime factors of 788399092.
2, 13, 15161521
What are the prime factors of 105438459?
3, 7, 2027, 2477
What are the prime factors of 33537218?
2, 11, 13, 149, 787
What are the prime factors of 28682311?
7, 23, 178151
List the prime factors of 94782254.
2, 7, 6770161
What are the prime factors of 138306227?
167, 389, 2129
List the prime factors of 378779402.
2, 19, 41, 243119
List the prime factors of 216876400.
2, 5, 13, 179, 233
List the prime factors of 381932392.
2, 5591, 8539
List the prime factors of 765369302.
2, 382684651
What are the prime factors of 5870230446?
2, 3, 61, 113, 141937
List the prime factors of 864833788.
2, 7, 13, 2375917
What are the prime factors of 6684556679?
6684556679
What are the prime factors of 200725678?
2, 100362839
List the prime factors of 491387160.
2, 3, 5, 11, 372263
What are the prime factors of 126109957?
126109957
What are the prime factors of 2367277316?
2, 37, 15995117
What are the prime factors of 644861342?
2, 29, 1487, 7477
List the prime factors of 184171570.
2, 5, 11, 37, 1223
What are the prime factors of 422426335?
5, 19, 4446593
List the prime factors of 55462189.
4723, 11743
List the prime factors of 61436523.
3, 59, 347099
What are the prime factors of 91764809?
2657, 34537
List the prime factors of 110584620.
2, 3, 5, 379, 1621
List the prime factors of 754024353.
3, 3631, 69221
List the prime factors of 2230594644.
2, 3, 739, 251533
What are the prime factors of 10544751?
3, 7, 23911
List the prime factors of 40468098.
2, 3, 11, 613153
What are the prime factors of 5186034311?
5186034311
List the prime factors of 141254013.
3, 47084671
List the prime factors of 36303245.
5, 11, 17, 41, 947
List the prime factors of 32189217.
3, 29, 369991
List the prime factors of 1612697424.
2, 3, 13, 29, 89119
List the prime factors of 249436888.
2, 29, 1075159
List the prime factors of 109558216.
2, 31, 103, 4289
List the prime factors of 798349646.
2, 399174823
What are the prime factors of 1050112417?
29, 43, 842111
List the prime factors of 15416745.
3, 5, 1027783
List the prime factors of 618163910.
2, 5, 7, 13, 53, 1831
List the prime factors of 49158717.
3, 16386239
What are the prime factors of 34483271?
19, 1814909
List the prime factors of 71459214.
2, 3, 11909869
List the prime 